49
Calculate the remainder when 212782 is divided by 2395.
2022
Calculate the remainder when 1339290 is divided by 1.
0
Calculate the remainder when 5485605 is divided by 1238.
27
Calculate the remainder when 1800765 is divided by 4157.
784
What is the remainder when 7327592 is divided by 461?
458
What is the remainder when 2452711 is divided by 1226336?
39
Calculate the remainder when 329992 is divided by 32990.
92
Calculate the remainder when 1665824 is divided by 45.
14
What is the remainder when 86890194 is divided by 3356?
3354
Calculate the remainder when 482849 is divided by 8616.
353
Calculate the remainder when 117585 is divided by 768.
81
Calculate the remainder when 703177 is divided by 117193.
19
Calculate the remainder when 151606 is divided by 1598.
1394
Calculate the remainder when 181659 is divided by 468.
75
Calculate the remainder when 3218276 is divided by 19043.
9
Calculate the remainder when 25722949 is divided by 11.
10
Calculate the remainder when 99279471 is divided by 45772.
3
Calculate the remainder when 103707052 is divided by 103707050.
2
What is the remainder when 3932562 is divided by 58?
46
Calculate the remainder when 4528239 is divided by 9759.
63
What is the remainder when 27751 is divided by 262?
241
What is the remainder when 9444779 is divided by 7851?
26
What is the remainder when 271968347 is divided by 20920642?
1
Calculate the remainder when 1075892 is divided by 803.
675
Calculate the remainder when 27935499 is divided by 813.
6
Calculate the remainder when 2205023 is divided by 146996.
83
What is the remainder when 13248530 is divided by 4962?
4952
What is the remainder when 8001929 is divided by 2006?
2001
Calculate the remainder when 2187305 is divided by 3652.
3409
What is the remainder when 177087 is divided by 8401?
666
Calculate the remainder when 227559 is divided by 8751.
33
What is the remainder when 165868 is divided by 3288?
1468
What is the remainder when 15872747 is divided by 346?
343
What is the remainder when 1303611 is divided by 298?
159
Calculate the remainder when 79705 is divided by 8704.
1369
What is the remainder when 21181851 is divided by 920950?
1
Calculate the remainder when 11262119 is divided by 2761.
0
What is the remainder when 5732 is divided by 5055?
677
What is the remainder when 1063141 is divided by 48?
37
What is the remainder when 5130 is divided by 1400?
930
What is the remainder when 34409 is divided by 9053?
7250
Calculate the remainder when 41859 is divided by 1732.
291
What is the remainder when 49938729 is divided by 466717?
10
What is the remainder when 252396 is divided by 251744?
652
Calculate the remainder when 7678 is divided by 1013.
587
Calculate the remainder when 9190043 is divided by 9190041.
2
What is the remainder when 107629 is divided by 11933?
232
Calculate the remainder when 2585431 is divided by 1760.
1751
Calculate the remainder when 278171 is divided by 16346.
289
Calculate the remainder when 4792203 is divided by 4504.
4451
Calculate the remainder when 22263629 is divided by 259.
248
Calculate the remainder when 1433575 is divided by 4466.
4455
What is the remainder when 324494 is divided by 6358?
236
Calculate the remainder when 50131513 is divided by 7.
5
Calculate the remainder when 5793418 is divided by 38882.
0
Calculate the remainder when 4372 is divided by 149.
51
Calculate the remainder when 313088 is divided by 3401.
196
Calculate the remainder when 46196945 is divided by 1154.
17
Calculate the remainder when 8922 is divided by 1608.
882
Calculate the remainder when 20270 is divided by 18614.
1656
Calculate the remainder when 1789183620 is divided by 1571.
1569
What is the remainder when 233182 is divided by 233174?
8
What is the remainder when 34337313 is divided by 6754?
6731
What is the remainder when 6703909 is divided by 14448?
37
What is the remainder when 54510 is divided by 1007?
132
Calculate the remainder when 163892 is divided by 95.
17
Calculate the remainder when 2585577 is divided by 539.
533
Calculate the remainder when 124326 is divided by 3544.
286
What is the remainder when 9550629 is divided by 298451?
197
Calculate the remainder when 45225 is divided by 7111.
2559
What is the remainder when 207808 is divided by 263?
38
What is the remainder when 37353910 is divided by 1572?
46
What is the remainder when 73298 is divided by 1308?
50
What is the remainder when 19945 is divided by 2027?
1702
Calculate the remainder when 6993725 is divided by 21.
11
Calculate the remainder when 3745235 is divided by 58519.
19
Calculate the remainder when 58475 is divided by 9733.
77
Calculate the remainder when 172043 is divided by 15631.
102
Calculate the remainder when 37978 is divided by 5622.
4246
Calculate the remainder when 918565 is divided by 54031.
38
What is the remainder when 103381 is divided by 104?
5
What is the remainder when 1273913 is divided by 212?
5
Calculate the remainder when 4217245 is divided by 351437.
1
Calculate the remainder when 31765388 is divided by 184.
180
What is the remainder when 2059977 is divided by 257494?
25
Calculate the remainder when 154337 is divided by 2405.
417
What is the remainder when 2112525 is divided by 5589?
5472
Calculate the remainder when 25568666 is divided by 12784332.
2
What is the remainder when 2908632 is divided by 6435?
12
Calculate the remainder when 28284991 is divided by 14142471.
49
Calculate the remainder when 16347178 is divided by 392.
386
What is the remainder when 1219430 is divided by 393?
344
What is the remainder when 1811922 is divided by 2344?
10
Calculate the remainder when 2379993 is divided by 1189977.
39
Calculate the remainder when 21952774 is divided by 593318.
8
Calculate the remainder when 89886 is divided by 3057.
1233
Calculate the remainder when 16229851 is divided by 8114920.
11
What is the remainder when 6339620 is divided by 991?
193
What is the remainder when 1978275 is divided by 659424?
3
What is the remainder when 621104 is divided by 2091?
77
What is the remainder when 43485555 is divided by 10565?
15
What is the remainder when 122203 is divided by 24422?
93
What is the remainder when 321035 is divided by 316918?
4117
What is the remainder when 13000958 is divided by 14055?
83
Calculate the remainder when 4418903 is divided by 57388.
27
What is the remainder when 356946 is divided by 1249?
981
Calculate the remainder when 909161 is divided by 32470.
1
What is the remainder when 362406 is divided by 69923?
12791
Calculate the remainder when 53125 is divided by 1857.
1129
Calculate the remainder when 308488 is divided by 154075.
338
What is the remainder when 39747 is divided by 432?
3
What is the remainder when 24255882 is divided by 258?
12
What is the remainder when 1318444 is divided by 1503?
313
Calculate the remainder when 98665 is divided by 390.
385
What is the remainder when 376833 is divided by 37673?
103
What is the remainder when 26806143 is divided by 254?
253
Calculate the remainder when 5148430 is divided by 175.
105
What is the remainder when 137407 is divided by 45799?
10
Calculate the remainder when 198395 is divided by 4218.
149
Calculate the remainder when 486074 is divided by 3498.
3350
What is the remainder when 98396 is divided by 5749?
663
What is the remainder when 18111327 is divided by 90?
87
What is the remainder when 937641 is divided by 163?
65
Calculate the remainder when 91254 is divided by 7604.
6
What is the remainder when 7178875 is divided by 32?
27
Calculate the remainder when 73511 is divided by 3063.
3062
Calculate the remainder when 1358472 is divided by 1850.
572
What is the remainder when 9239470 is divided by 12?
10
Calculate the remainder when 10900326 is divided by 569.
562
What is the remainder when 2121107 is divided by 18?
5
Calculate the remainder when 1947916 is divided by 8150.
66
What is the remainder when 105834280 is divided by 2901?
2899
Calculate the remainder when 783116 is divided by 6109.
1164
Calculate the remainder when 1384239 is divided by 691154.
1931
What is the remainder when 1696437 is divided by 15?
12
Calculate the remainder when 7734176 is divided by 58592.
32
What is the remainder when 216082 is divided by 16611?
139
Calculate the remainder when 165269 is divided 